visor of 58216 and 912.
152
Calculate the highest common factor of 13305 and 4410.
15
Calculate the greatest common factor of 15489 and 9.
9
What is the highest common factor of 154672 and 32?
16
Calculate the highest common divisor of 24425 and 175.
25
What is the greatest common divisor of 9966 and 4686?
66
Calculate the greatest common divisor of 625778 and 4448.
278
Calculate the greatest common divisor of 3866 and 31.
1
What is the greatest common factor of 40 and 769580?
20
Calculate the greatest common factor of 30082 and 4394.
338
Calculate the greatest common divisor of 108 and 86124.
12
Calculate the highest common divisor of 275510 and 50.
10
What is the greatest common factor of 63746 and 4?
2
Calculate the highest common factor of 83391 and 462.
231
Calculate the greatest common divisor of 18 and 22329.
9
Calculate the highest common divisor of 407921 and 16475.
659
Calculate the greatest common divisor of 1560 and 769470.
390
Calculate the highest common factor of 110 and 428210.
10
Calculate the highest common divisor of 19524 and 18.
6
What is the highest common factor of 5683154 and 278?
278
What is the highest common divisor of 29318 and 107?
107
Calculate the highest common divisor of 353349 and 32913.
621
Calculate the highest common divisor of 34013 and 2408.
301
Calculate the greatest common factor of 62541 and 72.
9
What is the greatest common factor of 24 and 105468?
12
Calculate the highest common divisor of 17292 and 77.
11
What is the highest common factor of 117 and 340272?
9
Calculate the greatest common factor of 37241 and 36572.
223
What is the highest common divisor of 612 and 108732?
204
Calculate the highest common divisor of 600 and 1000.
200
What is the greatest common factor of 91517 and 7406?
529
Calculate the highest common factor of 136465 and 245.
245
Calculate the greatest common factor of 8580 and 165.
165
Calculate the highest common divisor of 10530 and 8346.
78
Calculate the greatest common factor of 11 and 35849.
11
What is the highest common factor of 537418 and 126?
14
What is the greatest common factor of 3563 and 217?
7
Calculate the highest common factor of 12 and 304288.
4
Calculate the highest common divisor of 235197 and 5859.
837
What is the greatest common factor of 646 and 171?
19
Calculate the highest common factor of 103850 and 465.
155
Calculate the greatest common factor of 234124 and 53836.
1252
Calculate the highest common factor of 25 and 115975.
25
What is the highest common factor of 44475 and 113856?
1779
What is the greatest common divisor of 486 and 288441?
243
Calculate the highest common divisor of 231 and 1007237.
77
What is the highest common divisor of 3300 and 2100?
300
What is the highest common factor of 199177 and 33?
11
Calculate the greatest common factor of 44478 and 70.
14
Calculate the highest common divisor of 786 and 247983.
393
What is the highest common divisor of 984052 and 148?
148
Calculate the greatest common divisor of 17935 and 12325.
85
What is the greatest common divisor of 2627 and 16687?
37
What is the highest common factor of 132 and 2837868?
132
Calculate the highest common factor of 1024 and 9808896.
1024
What is the highest common factor of 544880 and 40?
40
What is the highest common factor of 9369 and 3753?
27
Calculate the highest common factor of 90860 and 1309.
77
Calculate the greatest common divisor of 2317 and 24.
1
What is the greatest common factor of 688 and 4784?
16
Calculate the greatest common divisor of 459 and 499257.
27
Calculate the highest common divisor of 3535 and 1435.
35
What is the highest common divisor of 2604 and 5673?
93
Calculate the greatest common divisor of 1129531 and 13.
13
What is the greatest common divisor of 17 and 4300133?
17
What is the greatest common factor of 40 and 2285180?
20
What is the highest common divisor of 677123 and 2637?
293
Calculate the highest common divisor of 73 and 57816.
73
What is the highest common factor of 4367 and 548257?
397
Calculate the highest common factor of 2070 and 2073105.
1035
Calculate the highest common divisor of 18961 and 28583.
283
Calculate the highest common divisor of 9945 and 113220.
765
Calculate the greatest common factor of 203055 and 1755.
15
What is the greatest common factor of 312 and 43272?
24
Calculate the highest common factor of 4276962 and 136.
34
Calculate the highest common divisor of 40133 and 134.
67
What is the highest common factor of 360660 and 240?
60
Calculate the highest common factor of 198 and 52756.
22
Calculate the highest common factor of 22 and 144034.
22
What is the greatest common divisor of 26422 and 1188?
22
Calculate the greatest common divisor of 21510 and 66203.
239
What is the greatest common divisor of 2786 and 63?
7
What is the highest common factor of 390 and 10434?
6
What is the greatest common factor of 300 and 890700?
300
What is the highest common factor of 853164 and 468?
468
What is the greatest common factor of 1 and 28729?
1
Calculate the highest common factor of 271 and 3285062.
271
What is the highest common factor of 307 and 206918?
307
Calculate the highest common divisor of 1472 and 18860.
92
What is the greatest common divisor of 1946 and 607986?
278
What is the greatest common factor of 272 and 872?
8
Calculate the highest common divisor of 14415 and 75.
15
What is the highest common factor of 1176 and 1704?
24
What is the highest common divisor of 20378 and 4?
2
Calculate the greatest common factor of 245 and 42287.
49
What is the greatest common divisor of 802 and 326?
2
What is the highest common divisor of 288794 and 4?
2
What is the highest common divisor of 347867 and 104?
13
Calculate the highest common factor of 63342 and 272.
34
Calculate the greatest common divisor of 492 and 20316.
12
Calculate the highest common factor of 19805 and 270.
5
What is the greatest common factor of 107087 and 52592?
173
Calculate the greatest common factor of 721776 and 528.
528
What is the highest common divisor of 208731 and 123?
123
What is the highest common factor of 5 and 1319520?
5
What is the highest common factor of 5814 and 54?
18
Calculate the greatest common divisor of 918 and 1038042.
54
Calculate the highest common divisor of 85944 and 264.
24
Calculate the greatest common divisor of 44341 and 3277.
29
Calculate the greatest common divisor of 190120 and 245.
245
Calculate the greatest common factor of 103948 and 468.
52
Calculate the highest common factor of 3421 and 385.
11
Calculate the greatest common factor of 424 and 4648.
8
Calculate the highest common factor of 41142 and 192.
6
What is the greatest common factor of 167488 and 256?
64
What is the highest common divisor of 654003 and 945?
63
What is the highest common factor of 3825 and 918?
153
What is the highest common factor of 2595 and 795?
15
Calculate the greatest common factor of 2030 and 13630.
290
What is the greatest common factor of 24 and 379572?
12
What is the highest common divisor of 1960 and 3262910?
490
Calculate the greatest common divisor of 662543 and 14.
7
What is the highest common divisor of 1274754 and 26?
26
What is the greatest common factor of 1 and 96827?
1
What is the greatest common divisor of 2504 and 884225?
313
Calculate the highest common divisor of 17700 and 1050.
150
What is the highest common factor of 417 and 3197?
139
What is the greatest common factor of 2093 and 52?
13
What is the highest common factor of 3565 and 17980?
155
Calculate the highest common factor of 259749 and 684.
171
What is the greatest common factor of 13183 and 11?
1
Calculate the highest common divisor of 1443 and 28527.
111
What is the greatest common divisor of 576 and 6948?
36
What is the highest common divisor of 46 and 670910?
46
What is the highest common divisor of 183 and 1107333?
183
Calculate the greatest common divisor of 632 and 36419.
79
What is the greatest common factor of 247 and 5206?
19
What is the greatest common factor of 34300 and 100?
100
Calculate the greatest common divisor of 18288 and 161163.
1143
What is the highest common factor of 14039467 and 221?
221
Calculate the greatest common factor of 1281 and 62391.
21
Calculate the greatest common divisor of 73934 and 21.
7
Calculate the highest common factor of 